20. Give z(-25).
5
Let v(g) = 5*g**2 + 238*g - 724. What is v(3)?
35
Let q(h) = -66901*h + 66915. What is q(1)?
14
Let m(j) = j**3 - 53*j**2 + 237*j - 244. Calculate m(3).
17
Let c(y) = -2*y**3 - 26*y**2 + 22*y + 833. Give c(-7).
91
Let f(n) = -35*n + 3096. What is f(81)?
261
Let l(r) = 8*r**3 - 968*r**2 + 849*r + 13328. Give l(120).
8
Let c(x) = -6*x**2 + 355*x - 1810. Calculate c(53).
151
Let g(s) = 69*s**2 + 59*s - 58. Determine g(1).
70
Let t(v) = 63*v + 7804. Determine t(-124).
-8
Let t(y) = y**2 - 22*y - 2235. Determine t(62).
245
Let q(w) = 1879*w - 9371. Determine q(5).
24
Let u(v) = -11*v**3 - 26*v**2 + 854*v - 827. Determine u(1).
-10
Let j(s) = 5*s**3 - 113*s**2 + 604*s + 63. Determine j(13).
-197
Let h(d) = -2*d**3 + 26*d**2 + 380*d - 4051. Calculate h(10).
349
Let n(y) = -39*y**3 + 26*y**2 - 9*y - 11. What is n(-1)?
63
Let t(w) = -1049*w + 10632. What is t(10)?
142
Let u(n) = 309*n + 7423. What is u(-25)?
-302
Let t(i) = 3*i**2 + 234*i - 113. Determine t(-68).
-2153
Let j(s) = -s**3 - 58*s**2 - 287*s + 1301. Give j(-52).
1
Let k(j) = -j**2 - 35*j - 874. Calculate k(-13).
-588
Let v(k) = -14*k**2 - 1584*k + 676. Calculate v(-113).
902
Let k(c) = 9*c**2 - 92*c + 541. Determine k(6).
313
Let h(q) = -2*q**2 + 127*q + 21951. Give h(-78).
-123
Let x(f) = 44202*f - 18874253. Determine x(427).
1
Let k(p) = 26605*p - 12078666. Calculate k(454).
4
Let j(t) = 13*t**2 - 995*t + 18314. What is j(46)?
52
Let r(o) = -214*o**3 + 8*o**2 + 421*o - 832. What is r(2)?
-1670
Let d(s) = 2*s**2 - 14*s - 247. What is d(-7)?
-51
Let s(v) = v**3 + 44*v**2 + 430*v - 234. Give s(-33).
-2445
Let o(k) = -260*k + 3284. Give o(13).
-96
Let z(g) = 2279*g - 663189. What is z(291)?
0
Let d(w) = -24*w**2 + 396*w + 1520. Give d(-5).
-1060
Let d(k) = 3*k**3 + 8*k**2 + 31*k - 474. Determine d(-8).
-1746
Let q(d) = d**2 - 2*d - 372. What is q(20)?
-12
Let p(t) = -t**3 - 9*t**2 - 86*t - 343. What is p(-6)?
65
Let z(b) = 3717*b - 81550. Determine z(22).
224
Let j(i) = i**3 - 12*i**2 - 19*i + 189. Calculate j(13).
111
Let r(m) = m**3 + 46*m**2 - 259*m - 207. Determine r(-51).
-3
Let m(t) = t**3 - 36*t**2 + 236*t - 237. Give m(28).
99
Let c(o) = -2*o**3 + 2*o**2 + 2261*o + 594. What is c(-33)?
33
Let x(h) = -h**2 + 144391*h - 866310. Give x(6).
0
Let c(d) = 14331*d + 171959. What is c(-12)?
-13
Let q(r) = r**3 - 90*r**2 - 802*r - 5. Give q(0).
-5
Let v(r) = -r**3 + 75*r**2 - 640*r - 629. Determine v(65).
21
Let x(w) = -3*w**3 + 956*w**2 - 57*w - 184117. What is x(318)?
5
Let s(k) = 205*k + 9235. Calculate s(-45).
10
Let m(c) = -c**3 - 23*c**2 - 147*c + 2259. Give m(7).
-240
Let n(f) = 3*f**2 + 337*f - 31596. Give n(61).
124
Let q(x) = -212*x + 21433. Give q(99).
445
Let j(w) = w**3 + 174*w**2 + 3727*w + 61. Calculate j(-25).
11
Let i(x) = -139*x - 358. Determine i(-7).
615
Let x(d) = -2*d**2 + 787*d - 46095. Calculate x(322).
-49
Let w(u) = -4*u**2 + 98*u + 513. Calculate w(-6).
-219
Let a(v) = 31*v**3 + 4*v**2 + 55*v - 108. Calculate a(2).
266
Let t(u) = -4035*u**2 + 24235*u + 30. What is t(6)?
180
Let c(u) = -134654*u + 4039603. What is c(30)?
-17
Let z(x) = -130318*x - 1563836. Calculate z(-12).
-20
Let g(q) = 13050*q + 783493. Calculate g(-60).
493
Let s(f) = 2*f**3 + 324*f**2 - 11522*f - 1035. Calculate s(-192).
-651
Let x(s) = s**3 + 87*s**2 + 573*s - 4682. What is x(-79)?
-21
Let m(s) = -30*s**2 + 7316*s + 1019. Determine m(244).
43
Let v(i) = 3094*i - 665204. Give v(215).
6
Let b(i) = -i**3 + 75*i**2 - 173*i + 25149. Give b(77).
-30
Let l(j) = j**2 + 220*j + 10272. Determine l(-162).
876
Let x(k) = k**2 + 122*k - 950. Determine x(-131).
229
Let c(p) = 9181*p + 45951. What is c(-5)?
46
Let y(l) = -2*l**2 - 913*l - 45502. Determine y(-399).
383
Let s(l) = 10203*l + 155862. Determine s(-15).
2817
Let k(j) = 6*j**3 + j**2 + 2*j + 857. Determine k(0).
857
Let r(g) = 4*g**3 + 110*g**2 - 85*g - 849. Give r(-28).
-37
Let p(h) = 14612*h + 1183563. What is p(-81)?
-9
Let d(n) = -1756*n - 286226. Calculate d(-163).
2
Let n(a) = 2*a**2 + 1061*a + 15949. Give n(-515).
-16
Let v(l) = 3*l**3 + 35*l**2 - 121*l - 1197. Calculate v(-11).
376
Let n(f) = -266746*f - 800237. Give n(-3).
1
Let b(k) = 46562*k**2 - 931239*k - 21. Calculate b(20).
-1
Let y(w) = w**3 + 133*w**2 + 2725*w + 2679. Calculate y(-108).
-21
Let m(l) = -l**3 - l**2 + 1173*l + 595. What is m(34)?
17
Let c(p) = -6*p**2 + 2299*p - 69621. What is c(350)?
29
Let y(s) = 1211*s + 67715. Give y(-56).
-101
Let b(w) = w**2 - 1048*w - 21423. Calculate b(-20).
-63
Let m(v) = -3*v**3 + 424*v**2 - 331*v - 32050. Calculate m(140).
10
Let v(u) = -82*u**2 - 464*u + 2. Calculate v(-6).
-166
Let i(a) = 208*a**2 - 5787*a + 23742. Determine i(5).
7
Let f(x) = -14094*x - 56373. What is f(-4)?
3
Let d(h) = 6*h**3 - 7747*h**2 + 1231*h + 77466. Give d(1291).
6
Let y(v) = -6*v**2 - 77*v + 759. Give y(6).
81
Let y(r) = r**3 + 16*r**2 - 1866*r - 31326. What is y(-17)?
107
Let n(h) = 2*h**2 - 281*h + 6164. What is n(115)?
299
Let t(h) = -23*h + 332. Give t(-1).
355
Let b(g) = -8*g**2 - 5257*g + 113. Calculate b(0).
113
Let y(z) = -z**3 - 2*z**2 - 3074*z - 24977. Determine y(-8).
-1
Let b(t) = -t**3 + 48*t**2 - 2290*t + 109979. Determine b(48).
59
Let c(i) = i**3 + 5*i**2 - 90*i - 452. Calculate c(-6).
52
Let x(v) = 14027*v + 71100. What is x(-5)?
965
Let d(l) = -l**3 + 46*l**2 - 1339*l + 61064. What is d(46)?
-530
Let c(t) = 531*t + 13948. Calculate c(-26).
142
Let n(k) = -928*k**2 + 512*k + 1. Calculate n(1).
-415
Let n(p) = -2*p**3 + 203*p**2 + 312*p + 330. Calculate n(103).
639
Let r(q) = q**3 - 19*q**2 + 193*q - 6534. Determine r(23).
21
Let l(o) = 2*o**2 - 2470*o - 65135. Give l(-26).
437
Let j(n) = -2628*n + 31956. Give j(12).
420
Let w(b) = b**3 + 214*b**2 + 828*b + 442. Calculate w(-210).
2962
Let r(m) = -67*m**2 - 23581*m + 1310. Determine r(-352).
254
Let j(o) = 2*o**3 + 2*o**2 + 92*o + 648. Calculate j(-5).
-12
Let g(s) = -5532*s - 619723. Determine g(-112).
-139
Let k(s) = -17187*s + 532917. Calculate k(31).
120
Let p(f) = -127*f**2 + 112*f - 425. Determine p(4).
-2009
Let g(c) = -3*c**2 - 49331*c - 246573. Determine g(-5).
7
Let d(t) = -6*t**2 - 1448*t + 8895. Give d(6).
-9
Let c(u) = -u**3 - 437*u**2 - 634*u - 86278. Calculate c(-436).
50
Let q(y) = 32*y**3 - 2*y**2 - 113*y + 60. Calculate q(3).
567
Let o(p) = -40*p**2 - 959*p + 962. What is o(1)?
-37
Let o(x) = 435*x**2 + 47845*x - 702. Give o(-110).
-152
Let k(t) = t**2 - 590*t - 3090. Determine k(0).
-3090
Let h(l) = 715*l + 1282. Calculate h(2).
2712
Let s(j) = j**3 - 571*j**2 - 4425*j - 119823. Determine s(579).
30
Let l(m) = m**3 + 244*m**2 + 11403*m + 41. Determine l(-63).
41
Let l(v) = -v**2 + 27*v + 56204. What is l(-224)?
-20
Let i(j) = -26*j**2 - 93*j + 3006. Calculate i(-13).
-179
Let r(z) = 9*z**3 + 2*z**2 - 1253*z - 1253. What is r(-1)?
-7
Let m(p) = -2*p**2 - 320*p + 2015236. Calculate m(-1087).
-62
Let v(u) = 2*u**2 - 27991*u + 55976. Calculate v(2).
2
Let b(s) = -191*s**2 + 1078*s + 74. What is b(6)?
-334
Let c(o) = -26708*o - 186888. Give c(-7).
68
Let t(g) = -13*g**2 + 613*g - 5628. What is t(9)?
-1164
Let i(w) = 2*w**3 + 191*w**2 + 974*w + 238. Calculate i(-5).
-107
Let q(k) = 17*k**3 + 423*k**2 - 48*k - 37. What is q(-25)?
-87
Let d(a) = -76*a**2 - 305*a - 302. What is d(-1)?
-73
Let j(l) = -5959*l + 262203. Give j(44).
7
Let p(y) = 7*y**3 - 4*y**2 - 31*y + 34. Determine p(-4).
-354
Let b(d) = -95*d**3 + 4559*d**2 + 32*d + 738. What is b(48)?
-30
Let z(t) = -12*t**2 + 50602*t + 101258. Calculate z(-2).
6
Let m(b) = 4*b**2 + 5105*b - 3432526. What is m(-1763)?
35
Let l(z) = 44*z**2 + 1063*z - 4269. Determine l(4).
687
Let j(m) = -m**3 + 5*m**2 - 200*m + 1665. Give j(8).
-127
Let g(f) = -3*f**2 - 267*f - 1204. Give g(-85).
-184
Let z(t) = -5*t**2 - 95*t - 1486. Determine z(-5).
-1136
Let n(y) = 2*y**3 + 180*y**2 + 3785*y - 1305. What is n(-56)?
-17
Let l(s) = s**2 - 1416*s - 31655. Give l(-22).
-19
Let h(j) = 3*j**2 - 178*j - 3027. Calculate h(-14).
53
Let v(i) = 16*i + 462. Calculate v(-65).
-578
Let z(x) = -x**3 + 86*x**2 + 2507*x - 614. Calculate z(109).
-614
Let v(r) = 970*r - 28165. Calculate v(29).
-35
Let w(n) = 5*n**2 + 152*n + 1385. Give w(-10).
365
Let a(v) = -4161*v - 16572. Calculate a(-4).
72
Let f(n) = 16*n**2 + 5694*n + 55478. Determine f(-10